 19, 53
What are the prime factors of 52851228?
2, 3, 191, 23059
What are the prime factors of 63456978?
2, 3, 13, 59, 13789
List the prime factors of 41914732.
2, 53, 197711
List the prime factors of 725722674.
2, 3, 120953779
What are the prime factors of 2345926982?
2, 7, 127, 1319419
List the prime factors of 566895006.
2, 3, 2297, 13711
List the prime factors of 129809549.
73, 1778213
List the prime factors of 74776515.
3, 5, 11, 229, 1979
List the prime factors of 519384829.
17209, 30181
What are the prime factors of 326292589?
7, 46613227
List the prime factors of 51615668.
2, 13, 992609
List the prime factors of 3560586804.
2, 3, 199, 497011
What are the prime factors of 83479676?
2, 7, 2981417
List the prime factors of 34316639.
7, 1811, 2707
What are the prime factors of 60638247?
3, 2245861
What are the prime factors of 98311457?
491, 200227
What are the prime factors of 3204607906?
2, 19, 113, 233, 3203
What are the prime factors of 2822103355?
5, 564420671
What are the prime factors of 4255066702?
2, 29, 73363219
List the prime factors of 203334807.
3, 13, 17, 306689
What are the prime factors of 57074347?
11, 19, 273083
What are the prime factors of 1493981272?
2, 7, 26678237
List the prime factors of 45691967.
353, 129439
List the prime factors of 942160516.
2, 11, 21412739
List the prime factors of 69610945.
5, 13922189
What are the prime factors of 120087176?
2, 11, 131, 947
List the prime factors of 21446669.
271, 79139
What are the prime factors of 659830354?
2, 329915177
List the prime factors of 23762743.
4481, 5303
What are the prime factors of 491649088?
2, 7, 31, 35401
List the prime factors of 51198966.
2, 3, 7, 13, 23, 151
What are the prime factors of 482660819?
19, 23, 37, 29851
What are the prime factors of 12149688?
2, 3, 47, 10771
What are the prime factors of 437162839?
47, 1669, 5573
What are the prime factors of 1146148194?
2, 3, 17, 41, 223, 1229
What are the prime factors of 1795044355?
5, 13, 2281, 12107
List the prime factors of 277247650.
2, 5, 5544953
List the prime factors of 162961120.
2, 5, 7, 145501
List the prime factors of 733420900.
2, 5, 19, 43, 47, 191
What are the prime factors of 70060746?
2, 3, 7, 1668113
List the prime factors of 823778326.
2, 7, 19, 3096911
What are the prime factors of 2134064716?
2, 7, 43, 53, 631
What are the prime factors of 522520598?
2, 261260299
What are the prime factors of 92000055?
3, 5, 7, 876191
List the prime factors of 756529809.
3, 7, 293, 122953
List the prime factors of 77579960.
2, 5, 1939499
What are the prime factors of 93994190?
2, 5, 17, 307, 1801
What are the prime factors of 22040823?
3, 7, 17, 107, 577
What are the prime factors of 5175678118?
2, 13, 17, 11709679
What are the prime factors of 224222582?
2, 6661, 16831
What are the prime factors of 348555767?
7, 7113383
List the prime factors of 666992100.
2, 3, 5, 41, 211, 257
List the prime factors of 740832510.
2, 3, 5, 11, 131, 17137
List the prime factors of 149224141.
11, 13565831
List the prime factors of 16866243.
3, 19, 53, 1861
List the prime factors of 185314247.
3517, 52691
What are the prime factors of 6697344403?
199, 33654997
List the prime factors of 216428018.
2, 108214009
List the prime factors of 203314381.
67, 3034543
What are the prime factors of 234683810?
2, 5, 17, 431, 3203
List the prime factors of 33306782.
2, 193, 86287
What are the prime factors of 377843992?
2, 47230499
List the prime factors of 70939835.
5, 14187967
What are the prime factors of 309767102?
2, 743, 208457
List the prime factors of 13646758.
2, 31, 53, 4153
List the prime factors of 414036666.
2, 3, 17, 179, 7559
List the prime factors of 13314941.
13314941
What are the prime factors of 5223598?
2, 2611799
List the prime factors of 37570676.
2, 11, 13, 19, 3457
What are the prime factors of 281836004?
2, 31, 241, 9431
What are the prime factors of 265891?
265891
What are the prime factors of 1076583708?
2, 3, 29905103
List the prime factors of 476033908.
2, 7, 43, 395377
List the prime factors of 32788857.
3, 2087, 5237
List the prime factors of 52200808.
2, 11, 281, 2111
List the prime factors of 49215085.
5, 17, 443, 1307
What are the prime factors of 1414584839?
31, 283, 383, 421
List the prime factors of 35325796.
2, 11, 17, 83, 569
List the prime factors of 67118219.
7, 457, 20981
List the prime factors of 280099621.
5669, 49409
List the prime factors of 882099107.
103, 263, 32563
List the prime factors of 69251844.
2, 3, 43, 103, 1303
List the prime factors of 557935142.
2, 229, 1218199
What are the prime factors of 797472518?
2, 398736259
List the prime factors of 136647669.
3, 23, 1980401
What are the prime factors of 144443681?
19, 21059
List the prime factors of 198847697.
198847697
List the prime factors of 289805289.
3, 4691, 20593
What are the prime factors of 16201455?
3, 5, 1080097
List the prime factors of 346375108.
2, 86593777
What are the prime factors of 3217506943?
7, 151, 434857
What are the prime factors of 2818616165?
5, 181, 3114493
What are the prime factors of 52073021?
7, 11, 13, 52021
What are the prime factors of 3658387033?
7, 29, 257, 70123
List the prime factors of 8075954.
2, 863, 4679
List the prime factors of 1079542218.
2, 3, 41, 521, 8423
What are the prime factors of 4261970892?
2, 3, 31, 467, 24533
List the prime factors of 340966107.
3, 37885123
What are the prime factors of 2706908271?
3, 37, 47, 518863
What are the prime factors of 505355797?
47, 233, 46147
What are the prime factors of 60227913?
3, 20075971
What are the prime factors of 213438758?
2, 13, 23, 241, 1481
List the prime factors of 1687304811.
3, 173, 3251069
List the prime factors of 18504309.
3, 19, 324637
List the prime factors of 57801044.
2, 7, 2064323
List the prime factors of 206182541.
83, 2484127
What are the prime factors of 1289928573?
3, 23, 131, 47569
List the prime factors of 26093400.
2, 3, 5, 157, 277
List the prime factors of 30870565.
5, 11, 149, 3767
List the prime factors of 91173020.
2, 5, 19, 239929
List the prime factors of 16424087.
197, 263, 317
List the prime factors of 22203060.
2, 3, 5, 11, 33641
What are the prime factors of 14888719?
17, 919, 953
List the prime factors of 11570850.
2, 3, 5, 2857
What are the prime factors of 446713534?
2, 31, 691, 10427
List the prime factors of 404249162.
2, 47, 79, 54437
List the prime factors of 72769196.
2, 18192299
What are the prime factors of 561043685?
5, 19, 59, 199, 503
List the prime factors of 126731076.
2, 3, 10560923
What are the prime factors of 65205347?
389, 167623
What are the prime factors of 129881817?
3, 13, 557, 1993
List the prime factors of 50315507.
11, 827, 5531
List the prime factors of 631817894.
2, 9173, 34439
List the prime factors of 66522550.
2, 5, 103, 12917
What are the prime factors of 5671912155?
3, 5, 7, 13, 4155247
What are the prime factors of 1013979998?
2, 103, 4922233
What are the prime factors of 3636270332?
2, 909067583
What are the prime factors of 5377956855?
3, 5, 358530457
What are the prime factors of 212078584?
2, 23, 67, 17203
What are the prime factors of 137811846?
2, 3, 59, 389299
What are the prime factors of 756634010?
2, 5, 11, 6878491
What are the prime factors of 3314225916?
2, 3, 151, 203227
List the prime factors of 359914288.
2, 191, 117773
List the prime factors of 415703524.
2, 103925881
List the prime factors of 2408948155.
5, 19, 31, 817979
List the prime factors of 7103770.
2, 5, 710377
What are the prime factors of 421481799?
3, 17, 257, 397
List the prime factors of 115941971.
19, 29, 210421
List the prime factors of 25528367.
23, 631, 1759
What are the prime factors of 435196323?
3, 5209, 9283
List the prime factors of 51647412.
2, 3, 37, 89, 1307
List the prime factors of 258106119.
3, 29, 2966737
What are the prime factors of 1385979161?
7, 2111, 13399
What are the prime factors of 433646660?
2, 5, 37, 586009
What are the prime factors of 1922019313?
31, 62000623
List the prime factors of 63848626.
2, 19, 191, 463
What are the prime factors of 765456585?
3, 5, 97, 526087
List the prime factors of 790939384.
2, 647, 152809
What are the prime factors of 4405628648?
2, 19, 59, 491261
What are the prime factors of 124725053?
61, 2044673
List the prime factors of 2378